{"id":2,"date":"2022-02-08T12:59:19","date_gmt":"2022-02-08T12:59:19","guid":{"rendered":"https:\/\/nechesauto.com\/?page_id=2"},"modified":"2023-11-17T19:31:11","modified_gmt":"2023-11-17T19:31:11","slug":"taller-mecanico","status":"publish","type":"page","link":"https:\/\/nechesauto.com\/","title":{"rendered":"Electromec\u00e1nica del Autom\u00f3vil"},"content":{"rendered":"\n<div class=\"wp-block-columns is-layout-flex wp-container-core-columns-is-layout-9d6595d7 wp-block-columns-is-layout-flex\">\n<div class=\"wp-block-column is-layout-flow wp-block-column-is-layout-flow\">\n<p>En <strong>Neches Automoci\u00f3n<\/strong> prestamos todos los servicios que pueda necesitar su veh\u00edculo. Somos especialistas en:<\/p>\n\n\n\n<ul class=\"wp-block-list\">\n<li>Electricidad del autom\u00f3vil.<\/li>\n\n\n\n<li>Mec\u00e1nica general. <\/li>\n\n\n\n<li>Mantenimiento de todo tipo de Veh\u00edculos.<\/li>\n\n\n\n<li>Revisi\u00f3n y pre-ITV.<\/li>\n<\/ul>\n<\/div>\n\n\n\n<div class=\"wp-block-column is-layout-flow wp-block-column-is-layout-flow\">\n<figure class=\"wp-block-image size-large\"><img loading=\"lazy\" decoding=\"async\" width=\"1024\" height=\"683\" src=\"https:\/\/nechesauto.com\/wp-content\/uploads\/2022\/02\/taller-mecanico-en-zamora-michoacan-1024x683.jpeg\" alt=\"\" class=\"wp-image-35\" srcset=\"https:\/\/nechesauto.com\/wp-content\/uploads\/2022\/02\/taller-mecanico-en-zamora-michoacan-1024x683.jpeg 1024w, https:\/\/nechesauto.com\/wp-content\/uploads\/2022\/02\/taller-mecanico-en-zamora-michoacan-300x200.jpeg 300w, https:\/\/nechesauto.com\/wp-content\/uploads\/2022\/02\/taller-mecanico-en-zamora-michoacan-768x513.jpeg 768w, https:\/\/nechesauto.com\/wp-content\/uploads\/2022\/02\/taller-mecanico-en-zamora-michoacan-1536x1025.jpeg 1536w, https:\/\/nechesauto.com\/wp-content\/uploads\/2022\/02\/taller-mecanico-en-zamora-michoacan-2048x1367.jpeg 2048w\" sizes=\"auto, (max-width: 767px) 89vw, (max-width: 1000px) 54vw, (max-width: 1071px) 543px, 580px\" \/><\/figure>\n<\/div>\n<\/div>\n\n\n\n<div class=\"wp-block-columns is-layout-flex wp-container-core-columns-is-layout-9d6595d7 wp-block-columns-is-layout-flex\">\n<div class=\"wp-block-column is-layout-flow wp-block-column-is-layout-flow\"><div class=\"wp-block-image\">\n<figure class=\"aligncenter size-full\"><a href=\"https:\/\/nechesauto.com\/index.php\/subvenciones\/\"><img loading=\"lazy\" decoding=\"async\" width=\"308\" height=\"76\" src=\"https:\/\/nechesauto.com\/wp-content\/uploads\/2022\/02\/taller-mecanico-zamora.jpg\" alt=\"\" class=\"wp-image-51\" srcset=\"https:\/\/nechesauto.com\/wp-content\/uploads\/2022\/02\/taller-mecanico-zamora.jpg 308w, https:\/\/nechesauto.com\/wp-content\/uploads\/2022\/02\/taller-mecanico-zamora-300x74.jpg 300w\" sizes=\"auto, (max-width: 308px) 100vw, 308px\" \/><\/a><\/figure>\n<\/div><\/div>\n\n\n\n<div class=\"wp-block-column is-layout-flow wp-block-column-is-layout-flow\"><div class=\"wp-block-image\">\n<figure class=\"aligncenter size-full\"><a href=\"https:\/\/nechesauto.com\/index.php\/subvenciones\/\"><img loading=\"lazy\" decoding=\"async\" width=\"125\" height=\"119\" src=\"https:\/\/nechesauto.com\/wp-content\/uploads\/2022\/02\/taller-mecanico-benavente.jpg\" alt=\"\" class=\"wp-image-50\"\/><\/a><\/figure>\n<\/div><\/div>\n\n\n\n<div class=\"wp-block-column is-layout-flow wp-block-column-is-layout-flow\"><\/div>\n<\/div>\n\n\n\n<h2 class=\"wp-block-heading\" id=\"donde-encontrarnos\">\u00bfD\u00f3nde encontrarnos?<\/h2>\n\n\n\n<p>Si buscas un <strong>taller en Zamora<\/strong> o un <strong>taller en Benavente<\/strong>, estas de suerte. Neches automoci\u00f3n presta servicio en Villaveza del Agua, con posibilidad de <strong>coche de sustituci\u00f3n<\/strong> mientras realizamos cualquier <em>servicio electromec\u00e1nico<\/em> a tu veh\u00edculo. <\/p>\n\n\n<amp-iframe src=\"https:\/\/nechesauto.com\/?map-block-counter=1&#038;map-block-post-id=2\" width=\"4\" height=\"3\" layout=\"responsive\" allowfullscreen sandbox=\"allow-scripts\">\n<div placeholder class=\"wp-block-jetpack-map\" data-map-style=\"default\" data-map-details=\"true\" data-points=\"[{&quot;placeTitle&quot;:&quot;Calle Zamora&quot;,&quot;title&quot;:&quot;Calle Zamora&quot;,&quot;caption&quot;:&quot;Calle Zamora 43, 49760 Villaveza del Agua, Zamora, Spain&quot;,&quot;id&quot;:&quot;address.7715529180456650&quot;,&quot;coordinates&quot;:{&quot;longitude&quot;:-5.677163,&quot;latitude&quot;:41.92263}}]\" data-zoom=\"11.365668954576861\" data-map-center=\"{&quot;lng&quot;:-5.677163,&quot;lat&quot;:41.92263}\" data-marker-color=\"red\" data-show-fullscreen-button=\"true\"><ul><li><a href=\"https:\/\/www.google.com\/maps\/search\/?api=1&amp;query=41.92263,-5.677163\">Calle Zamora<\/a><\/li><\/ul><\/div>\n<\/amp-iframe>\n\n\n<h2 class=\"wp-block-heading has-text-align-center\" id=\"fomento-del-autoempleo-en-la-comunidad-de-castilla-y-leon-de-las-personas-tituladas-universitarias-o-de-formacion-profesional-de-grado-medio-o-superior-para-el-ano-2021\"><strong>FOMENTO DEL AUTOEMPLEO, EN LA COMUNIDAD DE CASTILLA Y LE\u00d3N, DE LAS PERSONAS TITULADAS UNIVERSITARIAS O DE FORMACI\u00d3N PROFESIONAL DE GRADO MEDIO O SUPERIOR, PARA EL A\u00d1O<\/strong> <strong>2021<\/strong><\/h2>\n\n\n\n<figure class=\"wp-block-image size-full is-resized\"><img loading=\"lazy\" decoding=\"async\" width=\"666\" height=\"158\" src=\"https:\/\/nechesauto.com\/wp-content\/uploads\/2022\/02\/taller-mecanico-a66.jpg\" alt=\"\" class=\"wp-image-49\" style=\"width:666px;height:158px\" srcset=\"https:\/\/nechesauto.com\/wp-content\/uploads\/2022\/02\/taller-mecanico-a66.jpg 666w, https:\/\/nechesauto.com\/wp-content\/uploads\/2022\/02\/taller-mecanico-a66-300x71.jpg 300w\" sizes=\"auto, (max-width: 666px) 100vw, 666px\" \/><\/figure>\n\n\n\n<p class=\"has-text-align-center\"><strong>ESTA ACTIVIDAD ECON\u00d3MICA HA SIDO SUBVENCIONADA AL AMPARO DE LA ORDEN EEI\/874\/2021, DE 13 DE JULIO, DE LA CONSEJER\u00cdA DE EMPLEO E INDUSTRIA POR LA QUE SE ESTABLECEN LAS BASES REGULADORAS DE LAS SUBVENCIONES, COFINANCIADAS POR EL FONDO SOCIAL EUROPEO, DESTINADAS A FOMENTAR EL AUTOEMPLEO, EN LA COMUNIDAD DE CASTILLA Y LE\u00d3N, DE LAS PERSONAS TITULADAS UNIVERSITARIAS O DE FORMACI\u00d3N PROFESIONAL DE GRADO MEDIO O SUPERIOR.<\/strong><\/p>\n\n\n\n<p class=\"has-text-align-center\"><strong><em><u>OBJETIVO<\/u><\/em>: Conseguir un empleo y formaci\u00f3n de calidad.<\/strong><\/p>\n\n\n\n<div class=\"wp-block-columns is-layout-flex wp-container-core-columns-is-layout-9d6595d7 wp-block-columns-is-layout-flex\">\n<div class=\"wp-block-column is-layout-flow wp-block-column-is-layout-flow\"><\/div>\n\n\n\n<div class=\"wp-block-column is-layout-flow wp-block-column-is-layout-flow\"><div class=\"wp-block-image\">\n<figure class=\"aligncenter size-full\"><a href=\"https:\/\/nechesauto.com\/index.php\/subvenciones\/\"><img loading=\"lazy\" decoding=\"async\" width=\"125\" height=\"119\" src=\"https:\/\/nechesauto.com\/wp-content\/uploads\/2022\/02\/taller-mecanico-benavente.jpg\" alt=\"\" class=\"wp-image-50\"\/><\/a><\/figure>\n<\/div><\/div>\n<\/div>\n","protected":false},"excerpt":{"rendered":"<p>En Neches Automoci\u00f3n prestamos todos los servicios que pueda necesitar su veh\u00edculo. Somos especialistas en: \u00bfD\u00f3nde encontrarnos? Si buscas un taller en Zamora o un taller en Benavente, estas de suerte. Neches automoci\u00f3n presta servicio en Villaveza del Agua, con posibilidad de coche de sustituci\u00f3n mientras realizamos cualquier servicio electromec\u00e1nico a tu veh\u00edculo. FOMENTO DEL &hellip; <\/p>\n<p class=\"link-more\"><a href=\"https:\/\/nechesauto.com\/\" class=\"more-link\">Continuar leyendo<span class=\"screen-reader-text\"> \u00abElectromec\u00e1nica del Autom\u00f3vil\u00bb<\/span><\/a><\/p>\n","protected":false},"author":1,"featured_media":0,"parent":0,"menu_order":0,"comment_status":"closed","ping_status":"closed","template":"","meta":{"footnotes":""},"class_list":["post-2","page","type-page","status-publish","hentry"],"yoast_head":"<!-- This site is optimized with the Yoast SEO plugin v27.3 - https:\/\/yoast.com\/product\/yoast-seo-wordpress\/ -->\n<title>Electromec\u00e1nica del Autom\u00f3vil - Neches Automoci\u00f3n<\/title>\n<meta name=\"description\" content=\"Taller mec\u00e1nico en Villaveza del Agua (Autov\u00eda A66) Zamora. Servicio en Benavente, Zamora, Le\u00f3n y autov\u00eda A66\" \/>\n<meta name=\"robots\" content=\"index, follow, max-snippet:-1, max-image-preview:large, max-video-preview:-1\" \/>\n<link rel=\"canonical\" href=\"https:\/\/nechesauto.com\/\" \/>\n<meta property=\"og:locale\" content=\"es_ES\" \/>\n<meta property=\"og:type\" content=\"article\" \/>\n<meta property=\"og:title\" content=\"Electromec\u00e1nica del Autom\u00f3vil - Neches Automoci\u00f3n\" \/>\n<meta property=\"og:description\" content=\"Taller mec\u00e1nico en Villaveza del Agua (Autov\u00eda A66) Zamora. Servicio en Benavente, Zamora, Le\u00f3n y autov\u00eda A66\" \/>\n<meta property=\"og:url\" content=\"https:\/\/nechesauto.com\/\" \/>\n<meta property=\"og:site_name\" content=\"Neches Automoci\u00f3n\" \/>\n<meta property=\"article:modified_time\" content=\"2023-11-17T19:31:11+00:00\" \/>\n<meta property=\"og:image\" content=\"https:\/\/nechesauto.com\/wp-content\/uploads\/2022\/02\/taller-mecanico-en-zamora-michoacan-1024x683.jpeg\" \/>\n<meta name=\"twitter:card\" content=\"summary_large_image\" \/>\n<meta name=\"twitter:label1\" content=\"Tiempo de lectura\" \/>\n\t<meta name=\"twitter:data1\" content=\"2 minutos\" \/>\n<script type=\"application\/ld+json\" class=\"yoast-schema-graph\">{\"@context\":\"https:\\\/\\\/schema.org\",\"@graph\":[{\"@type\":\"WebPage\",\"@id\":\"https:\\\/\\\/nechesauto.com\\\/\",\"url\":\"https:\\\/\\\/nechesauto.com\\\/\",\"name\":\"Electromec\u00e1nica del Autom\u00f3vil - Neches Automoci\u00f3n\",\"isPartOf\":{\"@id\":\"https:\\\/\\\/nechesauto.com\\\/#website\"},\"primaryImageOfPage\":{\"@id\":\"https:\\\/\\\/nechesauto.com\\\/#primaryimage\"},\"image\":{\"@id\":\"https:\\\/\\\/nechesauto.com\\\/#primaryimage\"},\"thumbnailUrl\":\"https:\\\/\\\/nechesauto.com\\\/wp-content\\\/uploads\\\/2022\\\/02\\\/taller-mecanico-en-zamora-michoacan-1024x683.jpeg\",\"datePublished\":\"2022-02-08T12:59:19+00:00\",\"dateModified\":\"2023-11-17T19:31:11+00:00\",\"description\":\"Taller mec\u00e1nico en Villaveza del Agua (Autov\u00eda A66) Zamora. Servicio en Benavente, Zamora, Le\u00f3n y autov\u00eda A66\",\"breadcrumb\":{\"@id\":\"https:\\\/\\\/nechesauto.com\\\/#breadcrumb\"},\"inLanguage\":\"es\",\"potentialAction\":[{\"@type\":\"ReadAction\",\"target\":[\"https:\\\/\\\/nechesauto.com\\\/\"]}]},{\"@type\":\"ImageObject\",\"inLanguage\":\"es\",\"@id\":\"https:\\\/\\\/nechesauto.com\\\/#primaryimage\",\"url\":\"https:\\\/\\\/nechesauto.com\\\/wp-content\\\/uploads\\\/2022\\\/02\\\/taller-mecanico-en-zamora-michoacan-scaled.jpeg\",\"contentUrl\":\"https:\\\/\\\/nechesauto.com\\\/wp-content\\\/uploads\\\/2022\\\/02\\\/taller-mecanico-en-zamora-michoacan-scaled.jpeg\",\"width\":2560,\"height\":1709},{\"@type\":\"BreadcrumbList\",\"@id\":\"https:\\\/\\\/nechesauto.com\\\/#breadcrumb\",\"itemListElement\":[{\"@type\":\"ListItem\",\"position\":1,\"name\":\"Portada\",\"item\":\"https:\\\/\\\/nechesauto.com\\\/\"},{\"@type\":\"ListItem\",\"position\":2,\"name\":\"Electromec\u00e1nica del Autom\u00f3vil\"}]},{\"@type\":\"WebSite\",\"@id\":\"https:\\\/\\\/nechesauto.com\\\/#website\",\"url\":\"https:\\\/\\\/nechesauto.com\\\/\",\"name\":\"Neches Automoci\u00f3n\",\"description\":\"Taller mec\u00e1nico A66 - Automoci\u00f3n Neches\",\"publisher\":{\"@id\":\"https:\\\/\\\/nechesauto.com\\\/#organization\"},\"potentialAction\":[{\"@type\":\"SearchAction\",\"target\":{\"@type\":\"EntryPoint\",\"urlTemplate\":\"https:\\\/\\\/nechesauto.com\\\/?s={search_term_string}\"},\"query-input\":{\"@type\":\"PropertyValueSpecification\",\"valueRequired\":true,\"valueName\":\"search_term_string\"}}],\"inLanguage\":\"es\"},{\"@type\":\"Organization\",\"@id\":\"https:\\\/\\\/nechesauto.com\\\/#organization\",\"name\":\"Neches Automoci\u00f3n\",\"url\":\"https:\\\/\\\/nechesauto.com\\\/\",\"logo\":{\"@type\":\"ImageObject\",\"inLanguage\":\"es\",\"@id\":\"https:\\\/\\\/nechesauto.com\\\/#\\\/schema\\\/logo\\\/image\\\/\",\"url\":\"https:\\\/\\\/nechesauto.com\\\/wp-content\\\/uploads\\\/2022\\\/02\\\/taller-mecanico-benavente.png\",\"contentUrl\":\"https:\\\/\\\/nechesauto.com\\\/wp-content\\\/uploads\\\/2022\\\/02\\\/taller-mecanico-benavente.png\",\"width\":1602,\"height\":590,\"caption\":\"Neches Automoci\u00f3n\"},\"image\":{\"@id\":\"https:\\\/\\\/nechesauto.com\\\/#\\\/schema\\\/logo\\\/image\\\/\"}}]}<\/script>\n<!-- \/ Yoast SEO plugin. -->","yoast_head_json":{"title":"Electromec\u00e1nica del Autom\u00f3vil - Neches Automoci\u00f3n","description":"Taller mec\u00e1nico en Villaveza del Agua (Autov\u00eda A66) Zamora. Servicio en Benavente, Zamora, Le\u00f3n y autov\u00eda A66","robots":{"index":"index","follow":"follow","max-snippet":"max-snippet:-1","max-image-preview":"max-image-preview:large","max-video-preview":"max-video-preview:-1"},"canonical":"https:\/\/nechesauto.com\/","og_locale":"es_ES","og_type":"article","og_title":"Electromec\u00e1nica del Autom\u00f3vil - Neches Automoci\u00f3n","og_description":"Taller mec\u00e1nico en Villaveza del Agua (Autov\u00eda A66) Zamora. Servicio en Benavente, Zamora, Le\u00f3n y autov\u00eda A66","og_url":"https:\/\/nechesauto.com\/","og_site_name":"Neches Automoci\u00f3n","article_modified_time":"2023-11-17T19:31:11+00:00","og_image":[{"url":"https:\/\/nechesauto.com\/wp-content\/uploads\/2022\/02\/taller-mecanico-en-zamora-michoacan-1024x683.jpeg","type":"","width":"","height":""}],"twitter_card":"summary_large_image","twitter_misc":{"Tiempo de lectura":"2 minutos"},"schema":{"@context":"https:\/\/schema.org","@graph":[{"@type":"WebPage","@id":"https:\/\/nechesauto.com\/","url":"https:\/\/nechesauto.com\/","name":"Electromec\u00e1nica del Autom\u00f3vil - Neches Automoci\u00f3n","isPartOf":{"@id":"https:\/\/nechesauto.com\/#website"},"primaryImageOfPage":{"@id":"https:\/\/nechesauto.com\/#primaryimage"},"image":{"@id":"https:\/\/nechesauto.com\/#primaryimage"},"thumbnailUrl":"https:\/\/nechesauto.com\/wp-content\/uploads\/2022\/02\/taller-mecanico-en-zamora-michoacan-1024x683.jpeg","datePublished":"2022-02-08T12:59:19+00:00","dateModified":"2023-11-17T19:31:11+00:00","description":"Taller mec\u00e1nico en Villaveza del Agua (Autov\u00eda A66) Zamora. Servicio en Benavente, Zamora, Le\u00f3n y autov\u00eda A66","breadcrumb":{"@id":"https:\/\/nechesauto.com\/#breadcrumb"},"inLanguage":"es","potentialAction":[{"@type":"ReadAction","target":["https:\/\/nechesauto.com\/"]}]},{"@type":"ImageObject","inLanguage":"es","@id":"https:\/\/nechesauto.com\/#primaryimage","url":"https:\/\/nechesauto.com\/wp-content\/uploads\/2022\/02\/taller-mecanico-en-zamora-michoacan-scaled.jpeg","contentUrl":"https:\/\/nechesauto.com\/wp-content\/uploads\/2022\/02\/taller-mecanico-en-zamora-michoacan-scaled.jpeg","width":2560,"height":1709},{"@type":"BreadcrumbList","@id":"https:\/\/nechesauto.com\/#breadcrumb","itemListElement":[{"@type":"ListItem","position":1,"name":"Portada","item":"https:\/\/nechesauto.com\/"},{"@type":"ListItem","position":2,"name":"Electromec\u00e1nica del Autom\u00f3vil"}]},{"@type":"WebSite","@id":"https:\/\/nechesauto.com\/#website","url":"https:\/\/nechesauto.com\/","name":"Neches Automoci\u00f3n","description":"Taller mec\u00e1nico A66 - Automoci\u00f3n Neches","publisher":{"@id":"https:\/\/nechesauto.com\/#organization"},"potentialAction":[{"@type":"SearchAction","target":{"@type":"EntryPoint","urlTemplate":"https:\/\/nechesauto.com\/?s={search_term_string}"},"query-input":{"@type":"PropertyValueSpecification","valueRequired":true,"valueName":"search_term_string"}}],"inLanguage":"es"},{"@type":"Organization","@id":"https:\/\/nechesauto.com\/#organization","name":"Neches Automoci\u00f3n","url":"https:\/\/nechesauto.com\/","logo":{"@type":"ImageObject","inLanguage":"es","@id":"https:\/\/nechesauto.com\/#\/schema\/logo\/image\/","url":"https:\/\/nechesauto.com\/wp-content\/uploads\/2022\/02\/taller-mecanico-benavente.png","contentUrl":"https:\/\/nechesauto.com\/wp-content\/uploads\/2022\/02\/taller-mecanico-benavente.png","width":1602,"height":590,"caption":"Neches Automoci\u00f3n"},"image":{"@id":"https:\/\/nechesauto.com\/#\/schema\/logo\/image\/"}}]}},"jetpack_sharing_enabled":true,"amp_enabled":true,"_links":{"self":[{"href":"https:\/\/nechesauto.com\/index.php\/wp-json\/wp\/v2\/pages\/2","targetHints":{"allow":["GET"]}}],"collection":[{"href":"https:\/\/nechesauto.com\/index.php\/wp-json\/wp\/v2\/pages"}],"about":[{"href":"https:\/\/nechesauto.com\/index.php\/wp-json\/wp\/v2\/types\/page"}],"author":[{"embeddable":true,"href":"https:\/\/nechesauto.com\/index.php\/wp-json\/wp\/v2\/users\/1"}],"replies":[{"embeddable":true,"href":"https:\/\/nechesauto.com\/index.php\/wp-json\/wp\/v2\/comments?post=2"}],"version-history":[{"count":9,"href":"https:\/\/nechesauto.com\/index.php\/wp-json\/wp\/v2\/pages\/2\/revisions"}],"predecessor-version":[{"id":62,"href":"https:\/\/nechesauto.com\/index.php\/wp-json\/wp\/v2\/pages\/2\/revisions\/62"}],"wp:attachment":[{"href":"https:\/\/nechesauto.com\/index.php\/wp-json\/wp\/v2\/media?parent=2"}],"curies":[{"name":"wp","href":"https:\/\/api.w.org\/{rel}","templated":true}]}}